when 2418 is divided by 566.
154
What is the remainder when 95998 is divided by 50?
48
What is the remainder when 16390 is divided by 49?
24
What is the remainder when 119448 is divided by 227?
46
What is the remainder when 35468 is divided by 1367?
1293
What is the remainder when 12047 is divided by 88?
79
What is the remainder when 49752 is divided by 203?
17
What is the remainder when 231819 is divided by 67?
66
What is the remainder when 14641 is divided by 337?
150
Calculate the remainder when 641392 is divided by 17.
16
Calculate the remainder when 14145 is divided by 1272.
153
Calculate the remainder when 8762 is divided by 2902.
56
What is the remainder when 68811 is divided by 22936?
3
Calculate the remainder when 9988 is divided by 771.
736
What is the remainder when 51561 is divided by 25702?
157
Calculate the remainder when 2137 is divided by 117.
31
What is the remainder when 713 is divided by 406?
307
Calculate the remainder when 64725 is divided by 31.
28
Calculate the remainder when 1735532 is divided by 48.
44
What is the remainder when 35144 is divided by 948?
68
Calculate the remainder when 176249 is divided by 79.
0
Calculate the remainder when 28482 is divided by 2190.
12
What is the remainder when 87229 is divided by 26?
25
What is the remainder when 34280 is divided by 28?
8
What is the remainder when 19508 is divided by 6333?
509
Calculate the remainder when 70159 is divided by 1047.
10
What is the remainder when 16838 is divided by 72?
62
What is the remainder when 127562 is divided by 171?
167
What is the remainder when 198563 is divided by 101?
98
Calculate the remainder when 175149 is divided by 8340.
9
Calculate the remainder when 650682 is divided by 12277.
1
Calculate the remainder when 4658 is divided by 886.
228
Calculate the remainder when 603938 is divided by 17.
13
What is the remainder when 9066 is divided by 39?
18
What is the remainder when 491909 is divided by 42?
5
Calculate the remainder when 180921 is divided by 1740.
1701
Calculate the remainder when 32851 is divided by 141.
139
What is the remainder when 122454 is divided by 17491?
17
Calculate the remainder when 30739 is divided by 30688.
51
Calculate the remainder when 687338 is divided by 1383.
1370
What is the remainder when 40011 is divided by 151?
147
Calculate the remainder when 58645 is divided by 742.
27
What is the remainder when 4640 is divided by 47?
34
Calculate the remainder when 6310 is divided by 1261.
5
What is the remainder when 754608 is divided by 106?
100
Calculate the remainder when 10624 is divided by 65.
29
Calculate the remainder when 353632 is divided by 343.
342
Calculate the remainder when 469 is divided by 281.
188
What is the remainder when 41302 is divided by 6858?
154
Calculate the remainder when 10034 is divided by 97.
43
Calculate the remainder when 24325 is divided by 12157.
11
Calculate the remainder when 14085 is divided by 7036.
13
Calculate the remainder when 7815 is divided by 648.
39
Calculate the remainder when 76697 is divided by 184.
153
Calculate the remainder when 188985 is divided by 14537.
4
Calculate the remainder when 4567 is divided by 1456.
199
Calculate the remainder when 3951 is divided by 208.
207
What is the remainder when 7993 is divided by 136?
105
Calculate the remainder when 201273 is divided by 22.
17
What is the remainder when 2643 is divided by 90?
33
What is the remainder when 241065 is divided by 48206?
35
What is the remainder when 103249 is divided by 400?
49
What is the remainder when 10921 is divided by 1090?
21
What is the remainder when 791 is divided by 136?
111
What is the remainder when 1633 is divided by 24?
1
Calculate the remainder when 175659 is divided by 18.
15
What is the remainder when 18829 is divided by 27?
10
Calculate the remainder when 5151 is divided by 56.
55
Calculate the remainder when 230422 is divided by 109.
105
What is the remainder when 10102 is divided by 133?
127
Calculate the remainder when 353 is divided by 7.
3
Calculate the remainder when 49910 is divided by 642.
476
Calculate the remainder when 4148 is divided by 4139.
9
What is the remainder when 6575 is divided by 1307?
40
Calculate the remainder when 140212 is divided by 32.
20
Calculate the remainder when 27960 is divided by 1319.
261
What is the remainder when 3714 is divided by 13?
9
What is the remainder when 1860 is divided by 927?
6
What is the remainder when 11433 is divided by 266?
261
Calculate the remainder when 831 is divided by 283.
265
What is the remainder when 11232 is divided by 1494?
774
Calculate the remainder when 3606 is divided by 686.
176
What is the remainder when 242 is divided by 60?
2
Calculate the remainder when 22288 is divided by 518.
14
Calculate the remainder when 46614 is divided by 589.
83
Calculate the remainder when 5010 is divided by 2425.
160
Calculate the remainder when 88394 is divided by 212.
202
What is the remainder when 344031 is divided by 88?
39
What is the remainder when 7699 is divided by 1922?
11
What is the remainder when 37177 is divided by 1004?
29
What is the remainder when 166026 is divided by 138?
12
What is the remainder when 46158 is divided by 4194?
24
What is the remainder when 8486 is divided by 92?
22
What is the remainder when 141516 is divided by 4043?
11
Calculate the remainder when 5391 is divided by 65.
61
What is the remainder when 82929 is divided by 162?
147
What is the remainder when 2037 is divided by 22?
13
What is the remainder when 3455 is divided by 172?
15
What is the remainder when 170726 is divided by 15?
11
What is the remainder when 23687 is divided by 304?
279
What is the remainder when 807 is divided by 77?
37
Calculate the remainder when 29974 is divided by 31.
28
What is the remainder when 86218 is divided by 60?
58
Calculate the remainder when 568 is divided by 365.
203
What is the remainder when 4279 is divided by 19?
4
Calculate the remainder when 2843 is divided by 252.
71
Calculate the remainder when 85376 is divided by 30.
26
What is the remainder when 40264 is divided by 839?
831
Calculate the remainder when 2057474 is divided by 14.
6
Calculate the remainder when 840444 is divided by 29.
24
What is the remainder when 247525 is divided by 4420?
5
Calculate the remainder when 1289 is divided by 1271.
18
What is the remainder when 4317 is divided by 2034?
249
What is the remainder when 3649 is divided by 114?
1
Calculate the remainder when 73442 is divided by 2720.
2
What is the remainder when 176471 is divided by 9?
8
What is the remainder when 29779 is divided by 219?
214
Calculate the remainder when 30186 is divided by 87.
84
Calculate the remainder when 11927 is divided by 5716.
495
What is the remainder when 940 is divided by 86?
80
What is the remainder when 74773 is divided by 12459?
19
Calculate the remainder when 13738 is divided by 2743.
23
What is the remainder when 131106 is divided by 216?
210
Calculate the remainder when 19637 is divided by 9807.
23
Calculate the remainder when 9250 is divided by 404.
362
Calculate the remainder when 26496 is divided by 8829.
9
What is the remainder when 26498 is divided by 4413?
20
What is the remainder when 12065 is divided by 276?
197
What is the remainder when 44750 is divided by 30?
20
Calculate the remainder when 4990 is divided by 81.
49
Calculate the remainder when 434 is divided by 88.
82
What is the remainder when 11794 is divided by 631?
436
What is the remainder when 197 is divided by 157?
40
What is the remainder when 7993 is divided by 39?
37
What is the remainder when 935 is divided by 921?
14
What is the remainder when 8394 is divided by 73?
72
Calculate the remainder when 305507 is divided by 251.
40
What is the remainder when 4371 is divided by 50?
21
What is the remainder when 80879 is divided by 166?
37
Calculate the remainder when 44258 is divided by 22094.
70
Calculate the remainder when 1130155 is divided by 277.
272
Calculate the remainder when 765 is divided by 236.
57
What is the remainder when 630779 is divided by 112?
107
What is the remainder when 223501 is divided by 2511?
22
What is the remainder when 44690 is divided by 4468?
10
What is the remainder when 307071 is divided by 127?
112
Calculate the remainder when 3622 is divi